{"id":451,"date":"2026-03-02T18:09:54","date_gmt":"2026-03-02T17:09:54","guid":{"rendered":"https:\/\/www.galeriedeparis.com\/Welcome\/?post_type=product&#038;p=451"},"modified":"2026-03-02T18:36:24","modified_gmt":"2026-03-02T17:36:24","slug":"au-coin-de-la-place-andre-malraux-e-70","status":"publish","type":"product","link":"https:\/\/www.galeriedeparis.com\/Welcome\/produit\/au-coin-de-la-place-andre-malraux-e-70\/","title":{"rendered":"Au coin de la place Andr\u00e9 Malraux E-70"},"content":{"rendered":"<p><strong>Au coin de la place Andr\u00e9 Malraux \/ \u00ab\u00a0At the corner of Andr\u00e9 Malraux Place\u00a0\u00bb \/\u00a0\u30a2\u30f3\u30c9\u30ec\u30fb\u30de\u30eb\u30ed\u30fc\u5e83\u5834\u306e\u89d2\u3067<\/strong><\/p>\n<p>Cr\u00e9ateur : Kojiro AKAGI (1934-2021)<\/p>\n<p>Date :<span class=\"Apple-converted-space\">\u00a0 <\/span>D\u00e9cembre 1991<\/p>\n<p>Format : 10.5 x 15 cm \/ 4.13 x 5.9 in<\/p>\n<p>Type : S\u00e9rigraphie &#8211; Silk-screen, Arches : 15.5 x 23 cm \/ 6.1 x 9.06 in.<\/p>\n<p>Atelier : Del Arco, 30 t. + 20 E.A. romain + 5 E.A. sans num\u00e9ro<\/p>\n<p>Droits : \u00a9 Fonds de dotation Kojiro AKAGI, \u00a9 ADAGP<\/p>\n<p>R\u00e9f\u00e9rence : Catalogue raisonn\u00e9 N\u00b0 1 &#8211; page 34<br \/>\n<a href=\"https:\/\/www.galeriedeparis.com\/Welcome\/produit\/catalogue-raisonne-n-1\/\" target=\"_blank\" rel=\"noopener\">https:\/\/www.galeriedeparis.com\/Welcome\/produit\/catalogue-raisonne-n-1\/<\/a><\/p>\n<p>&nbsp;<\/p>\n","protected":false},"excerpt":{"rendered":"<p>Au coin de la place Andr\u00e9 Malraux<\/p>\n","protected":false},"featured_media":452,"template":"","meta":[],"product_brand":[104],"product_cat":[69,133],"product_tag":[138,143,73,135,140,145,137,141,142,77,134,72,139,136],"class_list":{"0":"post-451","1":"product","2":"type-product","3":"status-publish","4":"has-post-thumbnail","6":"product_brand-akagi","7":"product_cat-akagi-kojiro","8":"product_cat-serigraphie","9":"product_tag-138","10":"product_tag-adagp","11":"product_tag-akagi","12":"product_tag-andre-malraux","13":"product_tag-arches","14":"product_tag-catalogue-raisonne-n-1","15":"product_tag-decembre-1991","16":"product_tag-del-arco","17":"product_tag-fonds-de-dotation-kojiro-akagi","18":"product_tag-kojiro-akagi","19":"product_tag-place-andre-malraux","20":"product_tag-serigraphie","21":"product_tag-silk-screen","22":"product_tag-136","24":"first","25":"outofstock","26":"taxable","27":"shipping-taxable","28":"purchasable","29":"product-type-simple"},"yoast_head":"<!-- This site is optimized with the Yoast SEO plugin v27.5 - https:\/\/yoast.com\/product\/yoast-seo-wordpress\/ -->\n<title>Au coin de la place Andr\u00e9 Malraux E-70 - Galerie de Paris \u00a9<\/title>\n<meta name=\"description\" content=\"Au coin de la place Andr\u00e9 Malraux&quot;At the corner of Andr\u00e9 Malraux Place&quot;\u30a2\u30f3\u30c9\u30ec\u30fb\u30de\u30eb\u30ed\u30fc\u5e83\u5834\u306e\u89d2\u3067Cr\u00e9ateur : Kojiro AKAGI (1934-2021)Date : D\u00e9cembre 1991Format : 10.5 x 15 cm \/ 4.13 x 5.9 inType : S\u00e9rigraphie - Silk-screen, Arches : 15.5 x 23 cm \/ 6.1 x 9.06 in.Atelier : Del Arco, 30 t. + 20 E.A. romain + 5 E.A. sans num\u00e9roDroits : \u00a9 Fonds de dotation Kojiro AKAGI, \u00a9 ADAGP\" \/>\n<meta name=\"robots\" content=\"index, follow, max-snippet:-1, max-image-preview:large, max-video-preview:-1\" \/>\n<link rel=\"canonical\" href=\"https:\/\/www.galeriedeparis.com\/Welcome\/produit\/au-coin-de-la-place-andre-malraux-e-70\/\" \/>\n<meta property=\"og:locale\" content=\"fr_FR\" \/>\n<meta property=\"og:type\" content=\"article\" \/>\n<meta property=\"og:title\" content=\"Au coin de la place Andr\u00e9 Malraux E-70 - Galerie de Paris \u00a9\" \/>\n<meta property=\"og:description\" content=\"Au coin de la place Andr\u00e9 Malraux&quot;At the corner of Andr\u00e9 Malraux Place&quot;\u30a2\u30f3\u30c9\u30ec\u30fb\u30de\u30eb\u30ed\u30fc\u5e83\u5834\u306e\u89d2\u3067Cr\u00e9ateur : Kojiro AKAGI (1934-2021)Date : D\u00e9cembre 1991Format : 10.5 x 15 cm \/ 4.13 x 5.9 inType : S\u00e9rigraphie - Silk-screen, Arches : 15.5 x 23 cm \/ 6.1 x 9.06 in.Atelier : Del Arco, 30 t. + 20 E.A. romain + 5 E.A. sans num\u00e9roDroits : \u00a9 Fonds de dotation Kojiro AKAGI, \u00a9 ADAGP\" \/>\n<meta property=\"og:url\" content=\"https:\/\/www.galeriedeparis.com\/Welcome\/produit\/au-coin-de-la-place-andre-malraux-e-70\/\" \/>\n<meta property=\"og:site_name\" content=\"Galerie de Paris \u00a9\" \/>\n<meta property=\"article:publisher\" content=\"https:\/\/www.facebook.com\/GalerieDeParisAuVillageSuisse\/\" \/>\n<meta property=\"article:modified_time\" content=\"2026-03-02T17:36:24+00:00\" \/>\n<meta property=\"og:image\" content=\"https:\/\/www.galeriedeparis.com\/Welcome\/wp-content\/uploads\/2026\/03\/E-70-Au-coin-de-la-place-Andre-Malraux-Kojiro-AKAGI-1991-_-WP-scaled.jpg\" \/>\n\t<meta property=\"og:image:width\" content=\"1710\" \/>\n\t<meta property=\"og:image:height\" content=\"2560\" \/>\n\t<meta property=\"og:image:type\" content=\"image\/jpeg\" \/>\n<meta name=\"twitter:card\" content=\"summary_large_image\" \/>\n<meta name=\"twitter:label1\" content=\"Dur\u00e9e de lecture estim\u00e9e\" \/>\n\t<meta name=\"twitter:data1\" content=\"1 minute\" \/>\n<script type=\"application\/ld+json\" class=\"yoast-schema-graph\">{\"@context\":\"https:\\\/\\\/schema.org\",\"@graph\":[{\"@type\":\"WebPage\",\"@id\":\"https:\\\/\\\/www.galeriedeparis.com\\\/Welcome\\\/produit\\\/au-coin-de-la-place-andre-malraux-e-70\\\/\",\"url\":\"https:\\\/\\\/www.galeriedeparis.com\\\/Welcome\\\/produit\\\/au-coin-de-la-place-andre-malraux-e-70\\\/\",\"name\":\"Au coin de la place Andr\u00e9 Malraux E-70 - Galerie de Paris \u00a9\",\"isPartOf\":{\"@id\":\"https:\\\/\\\/www.galeriedeparis.com\\\/Welcome\\\/#website\"},\"primaryImageOfPage\":{\"@id\":\"https:\\\/\\\/www.galeriedeparis.com\\\/Welcome\\\/produit\\\/au-coin-de-la-place-andre-malraux-e-70\\\/#primaryimage\"},\"image\":{\"@id\":\"https:\\\/\\\/www.galeriedeparis.com\\\/Welcome\\\/produit\\\/au-coin-de-la-place-andre-malraux-e-70\\\/#primaryimage\"},\"thumbnailUrl\":\"https:\\\/\\\/www.galeriedeparis.com\\\/Welcome\\\/wp-content\\\/uploads\\\/2026\\\/03\\\/E-70-Au-coin-de-la-place-Andre-Malraux-Kojiro-AKAGI-1991-_-WP-scaled.jpg\",\"datePublished\":\"2026-03-02T17:09:54+00:00\",\"dateModified\":\"2026-03-02T17:36:24+00:00\",\"description\":\"Au coin de la place Andr\u00e9 Malraux\\\"At the corner of Andr\u00e9 Malraux Place\\\"\u30a2\u30f3\u30c9\u30ec\u30fb\u30de\u30eb\u30ed\u30fc\u5e83\u5834\u306e\u89d2\u3067Cr\u00e9ateur : Kojiro AKAGI (1934-2021)Date : D\u00e9cembre 1991Format : 10.5 x 15 cm \\\/ 4.13 x 5.9 inType : S\u00e9rigraphie - Silk-screen, Arches : 15.5 x 23 cm \\\/ 6.1 x 9.06 in.Atelier : Del Arco, 30 t. + 20 E.A. romain + 5 E.A. sans num\u00e9roDroits : \u00a9 Fonds de dotation Kojiro AKAGI, \u00a9 ADAGP\",\"breadcrumb\":{\"@id\":\"https:\\\/\\\/www.galeriedeparis.com\\\/Welcome\\\/produit\\\/au-coin-de-la-place-andre-malraux-e-70\\\/#breadcrumb\"},\"inLanguage\":\"fr-FR\",\"potentialAction\":[{\"@type\":\"ReadAction\",\"target\":[\"https:\\\/\\\/www.galeriedeparis.com\\\/Welcome\\\/produit\\\/au-coin-de-la-place-andre-malraux-e-70\\\/\"]}]},{\"@type\":\"ImageObject\",\"inLanguage\":\"fr-FR\",\"@id\":\"https:\\\/\\\/www.galeriedeparis.com\\\/Welcome\\\/produit\\\/au-coin-de-la-place-andre-malraux-e-70\\\/#primaryimage\",\"url\":\"https:\\\/\\\/www.galeriedeparis.com\\\/Welcome\\\/wp-content\\\/uploads\\\/2026\\\/03\\\/E-70-Au-coin-de-la-place-Andre-Malraux-Kojiro-AKAGI-1991-_-WP-scaled.jpg\",\"contentUrl\":\"https:\\\/\\\/www.galeriedeparis.com\\\/Welcome\\\/wp-content\\\/uploads\\\/2026\\\/03\\\/E-70-Au-coin-de-la-place-Andre-Malraux-Kojiro-AKAGI-1991-_-WP-scaled.jpg\",\"width\":1710,\"height\":2560,\"caption\":\"Au coin de la place Andr\u00e9 Malraux\"},{\"@type\":\"BreadcrumbList\",\"@id\":\"https:\\\/\\\/www.galeriedeparis.com\\\/Welcome\\\/produit\\\/au-coin-de-la-place-andre-malraux-e-70\\\/#breadcrumb\",\"itemListElement\":[{\"@type\":\"ListItem\",\"position\":1,\"name\":\"Accueil\",\"item\":\"https:\\\/\\\/www.galeriedeparis.com\\\/Welcome\\\/\"},{\"@type\":\"ListItem\",\"position\":2,\"name\":\"Boutique\",\"item\":\"https:\\\/\\\/www.galeriedeparis.com\\\/Welcome\\\/boutique\\\/\"},{\"@type\":\"ListItem\",\"position\":3,\"name\":\"Au coin de la place Andr\u00e9 Malraux E-70\"}]},{\"@type\":\"WebSite\",\"@id\":\"https:\\\/\\\/www.galeriedeparis.com\\\/Welcome\\\/#website\",\"url\":\"https:\\\/\\\/www.galeriedeparis.com\\\/Welcome\\\/\",\"name\":\"Galerie de Paris \u00a9\",\"description\":\"Les plus belles oeuvres sur Paris se trouvent \u00e0 la Galerie de Paris \u00a9 !\",\"publisher\":{\"@id\":\"https:\\\/\\\/www.galeriedeparis.com\\\/Welcome\\\/#organization\"},\"potentialAction\":[{\"@type\":\"SearchAction\",\"target\":{\"@type\":\"EntryPoint\",\"urlTemplate\":\"https:\\\/\\\/www.galeriedeparis.com\\\/Welcome\\\/?s={search_term_string}\"},\"query-input\":{\"@type\":\"PropertyValueSpecification\",\"valueRequired\":true,\"valueName\":\"search_term_string\"}}],\"inLanguage\":\"fr-FR\"},{\"@type\":\"Organization\",\"@id\":\"https:\\\/\\\/www.galeriedeparis.com\\\/Welcome\\\/#organization\",\"name\":\"Galerie de Paris \u00a9\",\"url\":\"https:\\\/\\\/www.galeriedeparis.com\\\/Welcome\\\/\",\"logo\":{\"@type\":\"ImageObject\",\"inLanguage\":\"fr-FR\",\"@id\":\"https:\\\/\\\/www.galeriedeparis.com\\\/Welcome\\\/#\\\/schema\\\/logo\\\/image\\\/\",\"url\":\"https:\\\/\\\/www.galeriedeparis.com\\\/Welcome\\\/wp-content\\\/uploads\\\/2022\\\/03\\\/cropped-937A1B47-87A3-4339-B63B-6F00ACC81F2A-1.jpg\",\"contentUrl\":\"https:\\\/\\\/www.galeriedeparis.com\\\/Welcome\\\/wp-content\\\/uploads\\\/2022\\\/03\\\/cropped-937A1B47-87A3-4339-B63B-6F00ACC81F2A-1.jpg\",\"width\":478,\"height\":191,\"caption\":\"Galerie de Paris \u00a9\"},\"image\":{\"@id\":\"https:\\\/\\\/www.galeriedeparis.com\\\/Welcome\\\/#\\\/schema\\\/logo\\\/image\\\/\"},\"sameAs\":[\"https:\\\/\\\/www.facebook.com\\\/GalerieDeParisAuVillageSuisse\\\/\"]}]}<\/script>\n<!-- \/ Yoast SEO plugin. -->","yoast_head_json":{"title":"Au coin de la place Andr\u00e9 Malraux E-70 - Galerie de Paris \u00a9","description":"Au coin de la place Andr\u00e9 Malraux\"At the corner of Andr\u00e9 Malraux Place\"\u30a2\u30f3\u30c9\u30ec\u30fb\u30de\u30eb\u30ed\u30fc\u5e83\u5834\u306e\u89d2\u3067Cr\u00e9ateur : Kojiro AKAGI (1934-2021)Date : D\u00e9cembre 1991Format : 10.5 x 15 cm \/ 4.13 x 5.9 inType : S\u00e9rigraphie - Silk-screen, Arches : 15.5 x 23 cm \/ 6.1 x 9.06 in.Atelier : Del Arco, 30 t. + 20 E.A. romain + 5 E.A. sans num\u00e9roDroits : \u00a9 Fonds de dotation Kojiro AKAGI, \u00a9 ADAGP","robots":{"index":"index","follow":"follow","max-snippet":"max-snippet:-1","max-image-preview":"max-image-preview:large","max-video-preview":"max-video-preview:-1"},"canonical":"https:\/\/www.galeriedeparis.com\/Welcome\/produit\/au-coin-de-la-place-andre-malraux-e-70\/","og_locale":"fr_FR","og_type":"article","og_title":"Au coin de la place Andr\u00e9 Malraux E-70 - Galerie de Paris \u00a9","og_description":"Au coin de la place Andr\u00e9 Malraux\"At the corner of Andr\u00e9 Malraux Place\"\u30a2\u30f3\u30c9\u30ec\u30fb\u30de\u30eb\u30ed\u30fc\u5e83\u5834\u306e\u89d2\u3067Cr\u00e9ateur : Kojiro AKAGI (1934-2021)Date : D\u00e9cembre 1991Format : 10.5 x 15 cm \/ 4.13 x 5.9 inType : S\u00e9rigraphie - Silk-screen, Arches : 15.5 x 23 cm \/ 6.1 x 9.06 in.Atelier : Del Arco, 30 t. + 20 E.A. romain + 5 E.A. sans num\u00e9roDroits : \u00a9 Fonds de dotation Kojiro AKAGI, \u00a9 ADAGP","og_url":"https:\/\/www.galeriedeparis.com\/Welcome\/produit\/au-coin-de-la-place-andre-malraux-e-70\/","og_site_name":"Galerie de Paris \u00a9","article_publisher":"https:\/\/www.facebook.com\/GalerieDeParisAuVillageSuisse\/","article_modified_time":"2026-03-02T17:36:24+00:00","og_image":[{"width":1710,"height":2560,"url":"https:\/\/www.galeriedeparis.com\/Welcome\/wp-content\/uploads\/2026\/03\/E-70-Au-coin-de-la-place-Andre-Malraux-Kojiro-AKAGI-1991-_-WP-scaled.jpg","type":"image\/jpeg"}],"twitter_card":"summary_large_image","twitter_misc":{"Dur\u00e9e de lecture estim\u00e9e":"1 minute"},"schema":{"@context":"https:\/\/schema.org","@graph":[{"@type":"WebPage","@id":"https:\/\/www.galeriedeparis.com\/Welcome\/produit\/au-coin-de-la-place-andre-malraux-e-70\/","url":"https:\/\/www.galeriedeparis.com\/Welcome\/produit\/au-coin-de-la-place-andre-malraux-e-70\/","name":"Au coin de la place Andr\u00e9 Malraux E-70 - Galerie de Paris \u00a9","isPartOf":{"@id":"https:\/\/www.galeriedeparis.com\/Welcome\/#website"},"primaryImageOfPage":{"@id":"https:\/\/www.galeriedeparis.com\/Welcome\/produit\/au-coin-de-la-place-andre-malraux-e-70\/#primaryimage"},"image":{"@id":"https:\/\/www.galeriedeparis.com\/Welcome\/produit\/au-coin-de-la-place-andre-malraux-e-70\/#primaryimage"},"thumbnailUrl":"https:\/\/www.galeriedeparis.com\/Welcome\/wp-content\/uploads\/2026\/03\/E-70-Au-coin-de-la-place-Andre-Malraux-Kojiro-AKAGI-1991-_-WP-scaled.jpg","datePublished":"2026-03-02T17:09:54+00:00","dateModified":"2026-03-02T17:36:24+00:00","description":"Au coin de la place Andr\u00e9 Malraux\"At the corner of Andr\u00e9 Malraux Place\"\u30a2\u30f3\u30c9\u30ec\u30fb\u30de\u30eb\u30ed\u30fc\u5e83\u5834\u306e\u89d2\u3067Cr\u00e9ateur : Kojiro AKAGI (1934-2021)Date : D\u00e9cembre 1991Format : 10.5 x 15 cm \/ 4.13 x 5.9 inType : S\u00e9rigraphie - Silk-screen, Arches : 15.5 x 23 cm \/ 6.1 x 9.06 in.Atelier : Del Arco, 30 t. + 20 E.A. romain + 5 E.A. sans num\u00e9roDroits : \u00a9 Fonds de dotation Kojiro AKAGI, \u00a9 ADAGP","breadcrumb":{"@id":"https:\/\/www.galeriedeparis.com\/Welcome\/produit\/au-coin-de-la-place-andre-malraux-e-70\/#breadcrumb"},"inLanguage":"fr-FR","potentialAction":[{"@type":"ReadAction","target":["https:\/\/www.galeriedeparis.com\/Welcome\/produit\/au-coin-de-la-place-andre-malraux-e-70\/"]}]},{"@type":"ImageObject","inLanguage":"fr-FR","@id":"https:\/\/www.galeriedeparis.com\/Welcome\/produit\/au-coin-de-la-place-andre-malraux-e-70\/#primaryimage","url":"https:\/\/www.galeriedeparis.com\/Welcome\/wp-content\/uploads\/2026\/03\/E-70-Au-coin-de-la-place-Andre-Malraux-Kojiro-AKAGI-1991-_-WP-scaled.jpg","contentUrl":"https:\/\/www.galeriedeparis.com\/Welcome\/wp-content\/uploads\/2026\/03\/E-70-Au-coin-de-la-place-Andre-Malraux-Kojiro-AKAGI-1991-_-WP-scaled.jpg","width":1710,"height":2560,"caption":"Au coin de la place Andr\u00e9 Malraux"},{"@type":"BreadcrumbList","@id":"https:\/\/www.galeriedeparis.com\/Welcome\/produit\/au-coin-de-la-place-andre-malraux-e-70\/#breadcrumb","itemListElement":[{"@type":"ListItem","position":1,"name":"Accueil","item":"https:\/\/www.galeriedeparis.com\/Welcome\/"},{"@type":"ListItem","position":2,"name":"Boutique","item":"https:\/\/www.galeriedeparis.com\/Welcome\/boutique\/"},{"@type":"ListItem","position":3,"name":"Au coin de la place Andr\u00e9 Malraux E-70"}]},{"@type":"WebSite","@id":"https:\/\/www.galeriedeparis.com\/Welcome\/#website","url":"https:\/\/www.galeriedeparis.com\/Welcome\/","name":"Galerie de Paris \u00a9","description":"Les plus belles oeuvres sur Paris se trouvent \u00e0 la Galerie de Paris \u00a9 !","publisher":{"@id":"https:\/\/www.galeriedeparis.com\/Welcome\/#organization"},"potentialAction":[{"@type":"SearchAction","target":{"@type":"EntryPoint","urlTemplate":"https:\/\/www.galeriedeparis.com\/Welcome\/?s={search_term_string}"},"query-input":{"@type":"PropertyValueSpecification","valueRequired":true,"valueName":"search_term_string"}}],"inLanguage":"fr-FR"},{"@type":"Organization","@id":"https:\/\/www.galeriedeparis.com\/Welcome\/#organization","name":"Galerie de Paris \u00a9","url":"https:\/\/www.galeriedeparis.com\/Welcome\/","logo":{"@type":"ImageObject","inLanguage":"fr-FR","@id":"https:\/\/www.galeriedeparis.com\/Welcome\/#\/schema\/logo\/image\/","url":"https:\/\/www.galeriedeparis.com\/Welcome\/wp-content\/uploads\/2022\/03\/cropped-937A1B47-87A3-4339-B63B-6F00ACC81F2A-1.jpg","contentUrl":"https:\/\/www.galeriedeparis.com\/Welcome\/wp-content\/uploads\/2022\/03\/cropped-937A1B47-87A3-4339-B63B-6F00ACC81F2A-1.jpg","width":478,"height":191,"caption":"Galerie de Paris \u00a9"},"image":{"@id":"https:\/\/www.galeriedeparis.com\/Welcome\/#\/schema\/logo\/image\/"},"sameAs":["https:\/\/www.facebook.com\/GalerieDeParisAuVillageSuisse\/"]}]}},"_links":{"self":[{"href":"https:\/\/www.galeriedeparis.com\/Welcome\/wp-json\/wp\/v2\/product\/451","targetHints":{"allow":["GET"]}}],"collection":[{"href":"https:\/\/www.galeriedeparis.com\/Welcome\/wp-json\/wp\/v2\/product"}],"about":[{"href":"https:\/\/www.galeriedeparis.com\/Welcome\/wp-json\/wp\/v2\/types\/product"}],"wp:featuredmedia":[{"embeddable":true,"href":"https:\/\/www.galeriedeparis.com\/Welcome\/wp-json\/wp\/v2\/media\/452"}],"wp:attachment":[{"href":"https:\/\/www.galeriedeparis.com\/Welcome\/wp-json\/wp\/v2\/media?parent=451"}],"wp:term":[{"taxonomy":"product_brand","embeddable":true,"href":"https:\/\/www.galeriedeparis.com\/Welcome\/wp-json\/wp\/v2\/product_brand?post=451"},{"taxonomy":"product_cat","embeddable":true,"href":"https:\/\/www.galeriedeparis.com\/Welcome\/wp-json\/wp\/v2\/product_cat?post=451"},{"taxonomy":"product_tag","embeddable":true,"href":"https:\/\/www.galeriedeparis.com\/Welcome\/wp-json\/wp\/v2\/product_tag?post=451"}],"curies":[{"name":"wp","href":"https:\/\/api.w.org\/{rel}","templated":true}]}}