{"id":455,"date":"2026-03-02T18:45:50","date_gmt":"2026-03-02T17:45:50","guid":{"rendered":"https:\/\/www.galeriedeparis.com\/Welcome\/?post_type=product&#038;p=455"},"modified":"2026-03-02T18:51:41","modified_gmt":"2026-03-02T17:51:41","slug":"la-tourelle-de-la-rue-de-passy-e-88","status":"publish","type":"product","link":"https:\/\/www.galeriedeparis.com\/Welcome\/produit\/la-tourelle-de-la-rue-de-passy-e-88\/","title":{"rendered":"La tourelle de la rue de Passy E-88"},"content":{"rendered":"<p>E-88 La tourelle de la rue de Passy<\/p>\n<p>\u00ab\u00a0Rooftop in Rue de Passy\u00a0\u00bb<\/p>\n<p>\u30d1\u30c3\u30b7\u30fc\u901a\u308a\u306e\u5854\u5c4b\u6839<\/p>\n<p>Cr\u00e9ateur : Kojiro AKAGI (1934-2021)<\/p>\n<p>Date :<span class=\"Apple-converted-space\">\u00a0 <\/span>D\u00e9cembre 1995<\/p>\n<p>Format : 10,5 x 15 cm \/ 4.13 x 5.9 in.<\/p>\n<p>Type : S\u00e9rigraphie &#8211; Silk-screen, Arches : 16.2 x 24 cm \/ 6.38 x 9.45 in.<\/p>\n<p>Atelier : Del Arco, 50 t. + 30 E.A. romain<\/p>\n<p>Droits : \u00a9 Fonds de dotation Kojiro AKAGI, \u00a9 ADAGP<\/p>\n<p>R\u00e9f\u00e9rence : Catalogue raisonn\u00e9 N\u00b0 1 \u2013 page 39<br \/>\n<a href=\"https:\/\/www.galeriedeparis.com\/Welcome\/produit\/catalogue-raisonne-n-1\/\" target=\"_blank\" rel=\"noopener\">https:\/\/www.galeriedeparis.com\/Welcome\/produit\/catalogue-raisonne-n-1\/<\/a><\/p>\n","protected":false},"excerpt":{"rendered":"<p>La tourelle de la rue de Passy par Kojiro AKAGI<\/p>\n","protected":false},"featured_media":0,"template":"","meta":[],"product_brand":[104],"product_cat":[69,133],"product_tag":[152,140,145,151,141,149,148,72,139,147,146,150],"class_list":{"0":"post-455","1":"product","2":"type-product","3":"status-publish","5":"product_brand-akagi","6":"product_cat-akagi-kojiro","7":"product_cat-serigraphie","8":"product_tag-152","9":"product_tag-arches","10":"product_tag-catalogue-raisonne-n-1","11":"product_tag-decembre-1995","12":"product_tag-del-arco","13":"product_tag-rooftop","14":"product_tag-rue-de-passy","15":"product_tag-serigraphie","16":"product_tag-silk-screen","17":"product_tag-toit","18":"product_tag-tourelle","19":"product_tag-150","21":"first","22":"outofstock","23":"taxable","24":"shipping-taxable","25":"purchasable","26":"product-type-simple"},"yoast_head":"<!-- This site is optimized with the Yoast SEO plugin v27.5 - https:\/\/yoast.com\/product\/yoast-seo-wordpress\/ -->\n<title>La tourelle de la rue de Passy E-88 - Galerie de Paris \u00a9<\/title>\n<meta name=\"robots\" content=\"index, follow, max-snippet:-1, max-image-preview:large, max-video-preview:-1\" \/>\n<link rel=\"canonical\" href=\"https:\/\/www.galeriedeparis.com\/Welcome\/produit\/la-tourelle-de-la-rue-de-passy-e-88\/\" \/>\n<meta property=\"og:locale\" content=\"fr_FR\" \/>\n<meta property=\"og:type\" content=\"article\" \/>\n<meta property=\"og:title\" content=\"La tourelle de la rue de Passy E-88 - Galerie de Paris \u00a9\" \/>\n<meta property=\"og:description\" content=\"La tourelle de la rue de Passy par Kojiro AKAGI\" \/>\n<meta property=\"og:url\" content=\"https:\/\/www.galeriedeparis.com\/Welcome\/produit\/la-tourelle-de-la-rue-de-passy-e-88\/\" \/>\n<meta property=\"og:site_name\" content=\"Galerie de Paris \u00a9\" \/>\n<meta property=\"article:publisher\" content=\"https:\/\/www.facebook.com\/GalerieDeParisAuVillageSuisse\/\" \/>\n<meta property=\"article:modified_time\" content=\"2026-03-02T17:51:41+00:00\" \/>\n<meta name=\"twitter:card\" content=\"summary_large_image\" \/>\n<meta name=\"twitter:label1\" content=\"Dur\u00e9e de lecture estim\u00e9e\" \/>\n\t<meta name=\"twitter:data1\" content=\"1 minute\" \/>\n<script type=\"application\/ld+json\" class=\"yoast-schema-graph\">{\"@context\":\"https:\\\/\\\/schema.org\",\"@graph\":[{\"@type\":\"WebPage\",\"@id\":\"https:\\\/\\\/www.galeriedeparis.com\\\/Welcome\\\/produit\\\/la-tourelle-de-la-rue-de-passy-e-88\\\/\",\"url\":\"https:\\\/\\\/www.galeriedeparis.com\\\/Welcome\\\/produit\\\/la-tourelle-de-la-rue-de-passy-e-88\\\/\",\"name\":\"La tourelle de la rue de Passy E-88 - Galerie de Paris \u00a9\",\"isPartOf\":{\"@id\":\"https:\\\/\\\/www.galeriedeparis.com\\\/Welcome\\\/#website\"},\"datePublished\":\"2026-03-02T17:45:50+00:00\",\"dateModified\":\"2026-03-02T17:51:41+00:00\",\"breadcrumb\":{\"@id\":\"https:\\\/\\\/www.galeriedeparis.com\\\/Welcome\\\/produit\\\/la-tourelle-de-la-rue-de-passy-e-88\\\/#breadcrumb\"},\"inLanguage\":\"fr-FR\",\"potentialAction\":[{\"@type\":\"ReadAction\",\"target\":[\"https:\\\/\\\/www.galeriedeparis.com\\\/Welcome\\\/produit\\\/la-tourelle-de-la-rue-de-passy-e-88\\\/\"]}]},{\"@type\":\"BreadcrumbList\",\"@id\":\"https:\\\/\\\/www.galeriedeparis.com\\\/Welcome\\\/produit\\\/la-tourelle-de-la-rue-de-passy-e-88\\\/#breadcrumb\",\"itemListElement\":[{\"@type\":\"ListItem\",\"position\":1,\"name\":\"Accueil\",\"item\":\"https:\\\/\\\/www.galeriedeparis.com\\\/Welcome\\\/\"},{\"@type\":\"ListItem\",\"position\":2,\"name\":\"Boutique\",\"item\":\"https:\\\/\\\/www.galeriedeparis.com\\\/Welcome\\\/boutique\\\/\"},{\"@type\":\"ListItem\",\"position\":3,\"name\":\"La tourelle de la rue de Passy E-88\"}]},{\"@type\":\"WebSite\",\"@id\":\"https:\\\/\\\/www.galeriedeparis.com\\\/Welcome\\\/#website\",\"url\":\"https:\\\/\\\/www.galeriedeparis.com\\\/Welcome\\\/\",\"name\":\"Galerie de Paris \u00a9\",\"description\":\"Les plus belles oeuvres sur Paris se trouvent \u00e0 la Galerie de Paris \u00a9 !\",\"publisher\":{\"@id\":\"https:\\\/\\\/www.galeriedeparis.com\\\/Welcome\\\/#organization\"},\"potentialAction\":[{\"@type\":\"SearchAction\",\"target\":{\"@type\":\"EntryPoint\",\"urlTemplate\":\"https:\\\/\\\/www.galeriedeparis.com\\\/Welcome\\\/?s={search_term_string}\"},\"query-input\":{\"@type\":\"PropertyValueSpecification\",\"valueRequired\":true,\"valueName\":\"search_term_string\"}}],\"inLanguage\":\"fr-FR\"},{\"@type\":\"Organization\",\"@id\":\"https:\\\/\\\/www.galeriedeparis.com\\\/Welcome\\\/#organization\",\"name\":\"Galerie de Paris \u00a9\",\"url\":\"https:\\\/\\\/www.galeriedeparis.com\\\/Welcome\\\/\",\"logo\":{\"@type\":\"ImageObject\",\"inLanguage\":\"fr-FR\",\"@id\":\"https:\\\/\\\/www.galeriedeparis.com\\\/Welcome\\\/#\\\/schema\\\/logo\\\/image\\\/\",\"url\":\"https:\\\/\\\/www.galeriedeparis.com\\\/Welcome\\\/wp-content\\\/uploads\\\/2022\\\/03\\\/cropped-937A1B47-87A3-4339-B63B-6F00ACC81F2A-1.jpg\",\"contentUrl\":\"https:\\\/\\\/www.galeriedeparis.com\\\/Welcome\\\/wp-content\\\/uploads\\\/2022\\\/03\\\/cropped-937A1B47-87A3-4339-B63B-6F00ACC81F2A-1.jpg\",\"width\":478,\"height\":191,\"caption\":\"Galerie de Paris \u00a9\"},\"image\":{\"@id\":\"https:\\\/\\\/www.galeriedeparis.com\\\/Welcome\\\/#\\\/schema\\\/logo\\\/image\\\/\"},\"sameAs\":[\"https:\\\/\\\/www.facebook.com\\\/GalerieDeParisAuVillageSuisse\\\/\"]}]}<\/script>\n<!-- \/ Yoast SEO plugin. -->","yoast_head_json":{"title":"La tourelle de la rue de Passy E-88 - Galerie de Paris \u00a9","robots":{"index":"index","follow":"follow","max-snippet":"max-snippet:-1","max-image-preview":"max-image-preview:large","max-video-preview":"max-video-preview:-1"},"canonical":"https:\/\/www.galeriedeparis.com\/Welcome\/produit\/la-tourelle-de-la-rue-de-passy-e-88\/","og_locale":"fr_FR","og_type":"article","og_title":"La tourelle de la rue de Passy E-88 - Galerie de Paris \u00a9","og_description":"La tourelle de la rue de Passy par Kojiro AKAGI","og_url":"https:\/\/www.galeriedeparis.com\/Welcome\/produit\/la-tourelle-de-la-rue-de-passy-e-88\/","og_site_name":"Galerie de Paris \u00a9","article_publisher":"https:\/\/www.facebook.com\/GalerieDeParisAuVillageSuisse\/","article_modified_time":"2026-03-02T17:51:41+00:00","twitter_card":"summary_large_image","twitter_misc":{"Dur\u00e9e de lecture estim\u00e9e":"1 minute"},"schema":{"@context":"https:\/\/schema.org","@graph":[{"@type":"WebPage","@id":"https:\/\/www.galeriedeparis.com\/Welcome\/produit\/la-tourelle-de-la-rue-de-passy-e-88\/","url":"https:\/\/www.galeriedeparis.com\/Welcome\/produit\/la-tourelle-de-la-rue-de-passy-e-88\/","name":"La tourelle de la rue de Passy E-88 - Galerie de Paris \u00a9","isPartOf":{"@id":"https:\/\/www.galeriedeparis.com\/Welcome\/#website"},"datePublished":"2026-03-02T17:45:50+00:00","dateModified":"2026-03-02T17:51:41+00:00","breadcrumb":{"@id":"https:\/\/www.galeriedeparis.com\/Welcome\/produit\/la-tourelle-de-la-rue-de-passy-e-88\/#breadcrumb"},"inLanguage":"fr-FR","potentialAction":[{"@type":"ReadAction","target":["https:\/\/www.galeriedeparis.com\/Welcome\/produit\/la-tourelle-de-la-rue-de-passy-e-88\/"]}]},{"@type":"BreadcrumbList","@id":"https:\/\/www.galeriedeparis.com\/Welcome\/produit\/la-tourelle-de-la-rue-de-passy-e-88\/#breadcrumb","itemListElement":[{"@type":"ListItem","position":1,"name":"Accueil","item":"https:\/\/www.galeriedeparis.com\/Welcome\/"},{"@type":"ListItem","position":2,"name":"Boutique","item":"https:\/\/www.galeriedeparis.com\/Welcome\/boutique\/"},{"@type":"ListItem","position":3,"name":"La tourelle de la rue de Passy E-88"}]},{"@type":"WebSite","@id":"https:\/\/www.galeriedeparis.com\/Welcome\/#website","url":"https:\/\/www.galeriedeparis.com\/Welcome\/","name":"Galerie de Paris \u00a9","description":"Les plus belles oeuvres sur Paris se trouvent \u00e0 la Galerie de Paris \u00a9 !","publisher":{"@id":"https:\/\/www.galeriedeparis.com\/Welcome\/#organization"},"potentialAction":[{"@type":"SearchAction","target":{"@type":"EntryPoint","urlTemplate":"https:\/\/www.galeriedeparis.com\/Welcome\/?s={search_term_string}"},"query-input":{"@type":"PropertyValueSpecification","valueRequired":true,"valueName":"search_term_string"}}],"inLanguage":"fr-FR"},{"@type":"Organization","@id":"https:\/\/www.galeriedeparis.com\/Welcome\/#organization","name":"Galerie de Paris \u00a9","url":"https:\/\/www.galeriedeparis.com\/Welcome\/","logo":{"@type":"ImageObject","inLanguage":"fr-FR","@id":"https:\/\/www.galeriedeparis.com\/Welcome\/#\/schema\/logo\/image\/","url":"https:\/\/www.galeriedeparis.com\/Welcome\/wp-content\/uploads\/2022\/03\/cropped-937A1B47-87A3-4339-B63B-6F00ACC81F2A-1.jpg","contentUrl":"https:\/\/www.galeriedeparis.com\/Welcome\/wp-content\/uploads\/2022\/03\/cropped-937A1B47-87A3-4339-B63B-6F00ACC81F2A-1.jpg","width":478,"height":191,"caption":"Galerie de Paris \u00a9"},"image":{"@id":"https:\/\/www.galeriedeparis.com\/Welcome\/#\/schema\/logo\/image\/"},"sameAs":["https:\/\/www.facebook.com\/GalerieDeParisAuVillageSuisse\/"]}]}},"_links":{"self":[{"href":"https:\/\/www.galeriedeparis.com\/Welcome\/wp-json\/wp\/v2\/product\/455","targetHints":{"allow":["GET"]}}],"collection":[{"href":"https:\/\/www.galeriedeparis.com\/Welcome\/wp-json\/wp\/v2\/product"}],"about":[{"href":"https:\/\/www.galeriedeparis.com\/Welcome\/wp-json\/wp\/v2\/types\/product"}],"wp:attachment":[{"href":"https:\/\/www.galeriedeparis.com\/Welcome\/wp-json\/wp\/v2\/media?parent=455"}],"wp:term":[{"taxonomy":"product_brand","embeddable":true,"href":"https:\/\/www.galeriedeparis.com\/Welcome\/wp-json\/wp\/v2\/product_brand?post=455"},{"taxonomy":"product_cat","embeddable":true,"href":"https:\/\/www.galeriedeparis.com\/Welcome\/wp-json\/wp\/v2\/product_cat?post=455"},{"taxonomy":"product_tag","embeddable":true,"href":"https:\/\/www.galeriedeparis.com\/Welcome\/wp-json\/wp\/v2\/product_tag?post=455"}],"curies":[{"name":"wp","href":"https:\/\/api.w.org\/{rel}","templated":true}]}}

<p>E-88 La tourelle de la rue de Passy</p>
<p>« Rooftop in Rue de Passy »</p>
<p>パッシー通りの塔屋根</p>
<p>Créateur : Kojiro AKAGI (1934-2021)</p>
<p>Date :<span class="Apple-converted-space">  </span>Décembre 1995</p>
<p>Format : 10,5 x 15 cm / 4.13 x 5.9 in.</p>
<p>Type : Sérigraphie &#8211; Silk-screen, Arches : 16.2 x 24 cm / 6.38 x 9.45 in.</p>
<p>Atelier : Del Arco, 50 t. + 30 E.A. romain</p>
<p>Droits : © Fonds de dotation Kojiro AKAGI, © ADAGP</p>
<p>Référence : Catalogue raisonné N° 1 – page 39<br />
<a href="https://www.galeriedeparis.com/Welcome/produit/catalogue-raisonne-n-1/" target="_blank" rel="noopener">https://www.galeriedeparis.com/Welcome/produit/catalogue-raisonne-n-1/</a></p>

<!-- This site is optimized with the Yoast SEO plugin v27.5 - https://yoast.com/product/yoast-seo-wordpress/ -->
<title>La tourelle de la rue de Passy E-88 - Galerie de Paris ©</title>
<meta name="robots" content="index, follow, max-snippet:-1, max-image-preview:large, max-video-preview:-1" />
<link rel="canonical" href="https://www.galeriedeparis.com/Welcome/produit/la-tourelle-de-la-rue-de-passy-e-88/" />
<meta property="og:locale" content="fr_FR" />
<meta property="og:type" content="article" />
<meta property="og:title" content="La tourelle de la rue de Passy E-88 - Galerie de Paris ©" />
<meta property="og:description" content="La tourelle de la rue de Passy par Kojiro AKAGI" />
<meta property="og:url" content="https://www.galeriedeparis.com/Welcome/produit/la-tourelle-de-la-rue-de-passy-e-88/" />
<meta property="og:site_name" content="Galerie de Paris ©" />
<meta property="article:publisher" content="https://www.facebook.com/GalerieDeParisAuVillageSuisse/" />
<meta property="article:modified_time" content="2026-03-02T17:51:41+00:00" />
<meta name="twitter:card" content="summary_large_image" />
<meta name="twitter:label1" content="Durée de lecture estimée" />
	<meta name="twitter:data1" content="1 minute" />
<script type="application/ld+json" class="yoast-schema-graph">{"@context":"https:\/\/schema.org","@graph":[{"@type":"WebPage","@id":"https:\/\/www.galeriedeparis.com\/Welcome\/produit\/la-tourelle-de-la-rue-de-passy-e-88\/","url":"https:\/\/www.galeriedeparis.com\/Welcome\/produit\/la-tourelle-de-la-rue-de-passy-e-88\/","name":"La tourelle de la rue de Passy E-88 - Galerie de Paris ©","isPartOf":{"@id":"https:\/\/www.galeriedeparis.com\/Welcome\/#website"},"datePublished":"2026-03-02T17:45:50+00:00","dateModified":"2026-03-02T17:51:41+00:00","breadcrumb":{"@id":"https:\/\/www.galeriedeparis.com\/Welcome\/produit\/la-tourelle-de-la-rue-de-passy-e-88\/#breadcrumb"},"inLanguage":"fr-FR","potentialAction":[{"@type":"ReadAction","target":["https:\/\/www.galeriedeparis.com\/Welcome\/produit\/la-tourelle-de-la-rue-de-passy-e-88\/"]}]},{"@type":"BreadcrumbList","@id":"https:\/\/www.galeriedeparis.com\/Welcome\/produit\/la-tourelle-de-la-rue-de-passy-e-88\/#breadcrumb","itemListElement":[{"@type":"ListItem","position":1,"name":"Accueil","item":"https:\/\/www.galeriedeparis.com\/Welcome\/"},{"@type":"ListItem","position":2,"name":"Boutique","item":"https:\/\/www.galeriedeparis.com\/Welcome\/boutique\/"},{"@type":"ListItem","position":3,"name":"La tourelle de la rue de Passy E-88"}]},{"@type":"WebSite","@id":"https:\/\/www.galeriedeparis.com\/Welcome\/#website","url":"https:\/\/www.galeriedeparis.com\/Welcome\/","name":"Galerie de Paris ©","description":"Les plus belles oeuvres sur Paris se trouvent à la Galerie de Paris © !","publisher":{"@id":"https:\/\/www.galeriedeparis.com\/Welcome\/#organization"},"potentialAction":[{"@type":"SearchAction","target":{"@type":"EntryPoint","urlTemplate":"https:\/\/www.galeriedeparis.com\/Welcome\/?s={search_term_string}"},"query-input":{"@type":"PropertyValueSpecification","valueRequired":true,"valueName":"search_term_string"}}],"inLanguage":"fr-FR"},{"@type":"Organization","@id":"https:\/\/www.galeriedeparis.com\/Welcome\/#organization","name":"Galerie de Paris ©","url":"https:\/\/www.galeriedeparis.com\/Welcome\/","logo":{"@type":"ImageObject","inLanguage":"fr-FR","@id":"https:\/\/www.galeriedeparis.com\/Welcome\/#\/schema\/logo\/image\/","url":"https:\/\/www.galeriedeparis.com\/Welcome\/wp-content\/uploads\/2022\/03\/cropped-937A1B47-87A3-4339-B63B-6F00ACC81F2A-1.jpg","contentUrl":"https:\/\/www.galeriedeparis.com\/Welcome\/wp-content\/uploads\/2022\/03\/cropped-937A1B47-87A3-4339-B63B-6F00ACC81F2A-1.jpg","width":478,"height":191,"caption":"Galerie de Paris ©"},"image":{"@id":"https:\/\/www.galeriedeparis.com\/Welcome\/#\/schema\/logo\/image\/"},"sameAs":["https:\/\/www.facebook.com\/GalerieDeParisAuVillageSuisse\/"]}]}</script>
<!-- / Yoast SEO plugin. -->

Les plus belles oeuvres sur Paris se trouvent à la Galerie de Paris © !
